 41. Suppose 0 = -5*m - b - 67, 4*m + 1 = -5*b - 40. Determine g(m).
1
Suppose 0 = 5*n + 4*h - 14, -3*n + 3*h + h = -34. Let w(s) = -6*s + n*s**2 - 7*s**2 + 11 - 10. Suppose 0 = 9*t + 35 + 19. Give w(t).
1
Let i(l) = -2 - 9*l + l**2 + 11*l - 1 - 21*l + 15*l. Suppose 0*j = -j - 2*q - 3, 0 = 2*j - q - 14. Let s be (6/7)/(j/35). Give i(s).
9
Let h(q) = 177*q + 7. Let p(f) = 40*f - 1. Let o(a) = -h(a) + 5*p(a). What is o(1)?
11
Let b be 42/(-28)*(12 + -2)*41. Let n = b - -616. Let t(u) be the second derivative of -7*u**3/6 - u. Calculate t(n).
-7
Suppose -4*p - 4*n - n = -315, 0 = -2*p + 4*n + 164. Let z = p + -77. Let k(b) be the second derivative of b**3/6 - 3*b**2/2 + 4*b. What is k(z)?
0
Let g(h) = h**3 + 5*h**2 - 7*h + 58. Let r be g(-11). Let b = -594 - r. Let j(w) = -6*w - 10. Determine j(b).
8
Suppose -4 = -n - 2*q, -23 = 10*n - 14*n - q. Let o be (-105)/(-20) - n/24. Let l(t) = 8*t + 9. Let f(p) = 3*p + 3. Let m(s) = 11*f(s) - 4*l(s). Determine m(o).
2
Suppose -4*g + 6 - 2 = 0. Let y = -34 - g. Let p = 42 + y. Let r(h) = -h + 11. Determine r(p).
4
Suppose -2*c - 10 = 0, -49*l + 5*c = -46*l - 16. Let i(q) = -11*q**2 - 2*q - 1. What is i(l)?
-94
Let k(c) = -2*c**2 - 7. Suppose 534 - 74 = 140*m - 48*m. Give k(m).
-57
Let l(y) be the third derivative of 0 + 1/360*y**6 + 5*y**2 - 1/6*y**4 + 0*y - 1/30*y**5 + 0*y**3. Let q(z) be the second derivative of l(z). Calculate q(5).
6
Let x be 15/((-1125)/175) - 1*1/(-3). Let n(d) = -13*d**3 - d**2 - 9*d - 3. What is n(x)?
115
Let y(b) be the third derivative of -3*b**5/20 - 19*b**4/8 - 19*b**3/6 - 4438*b**2. What is y(-6)?
-1
Let v(u) be the second derivative of -u**4/12 - u**3 - 13*u**2/2 - 264*u. Determine v(-8).
-29
Suppose 2*h - 24 = -10*h. Let d(p) = 7*p**2 - 8 - 6*p**h + 6*p**2 - 8*p**2 + 7*p. Give d(7).
-8
Let r(f) = 24*f + 26. Let j(a) = 1441*a + 1573. Let z(n) = -6*j(n) + 363*r(n). Calculate z(1).
66
Let b(j) be the first derivative of -j**5/60 + j**4/4 - 2*j**3 - 32*j**2 + j + 128. Let q(m) be the second derivative of b(m). Give q(5).
-7
Let s(z) = 205*z - 4112. Let j be s(20). Let q(w) = -w**2 - 11*w + 3. Calculate q(j).
-9
Suppose q = g + 8, 3*q - 2*q = 5*g + 24. Let y be 6 - 2 - (q + 0). Let u(h) = 4 + y*h**3 - 8 - 7*h**3 + 3 + h**2. Give u(-1).
7
Let w(m) = 2*m**2 + 2*m + 2. Let o(u) = 1. Let j(t) = -o(t) + w(t). Let b(i) = -i**3 - 16*i**2 + 6*i + 1. Let h be b(-14). Let z = -473 - h. Calculate j(z).
13
Let c(z) = -z**2 - 12*z + 23. Let q(n) = n**2 + 3*n. Let v(t) = -c(t) - 2*q(t). Determine v(6).
-23
Let n(l) = l**3 + 3*l**2 - 3*l + 8. Let f(b) = -b**3 - 4*b**2 + 3*b - 9. Let q(x) = -4*f(x) - 5*n(x). Let g = 3204 - 3207. What is q(g)?
23
Let m(k) = -3 - 5*k**2 + 7 + k**3 + 4 - 2*k. Suppose -113393*p = -113415*p + 110. Determine m(p).
-2
Let q(z) be the second derivative of -5*z**3/6 - 22*z**2 + 13*z. Let c be q(-9). Let p be (-1584)/(-192) - (c/4 - 0). Let m(b) = b**2 - 6*b - 5. What is m(p)?
11
Let z(t) = 8*t + 22. Let a(d) = 9*d - 154. Let s be a(17). Let j(y) = y + 2. Let n(w) = s*z(w) + 12*j(w). Determine n(-3).
-10
Let u(s) = 6*s**3 - s**2 - 3*s + 4. Suppose -2*a + 79 - 89 = -4*f, 0 = -f + 2*a + 7. What is u(f)?
6
Let y(o) = -167*o + 41. Let h(t) = -32*t. Let p(x) = -5*h(x) + y(x). Calculate p(18).
-85
Let y(p) = 3*p**2 - 13*p - 34. Let s(c) = 5*c**2 - 20*c - 54. Let f(m) = 5*s(m) - 8*y(m). Suppose -t = -0*t + 4. Give f(t).
2
Let x(n) = 639*n - 240*n - 267 - 376*n. Calculate x(12).
9
Let k(y) be the third derivative of -3*y**2 - 1/6*y**3 + 0 + 1/24*y**4 - 20*y - 1/60*y**5. What is k(2)?
-3
Let l be (-8)/(-20) - (1 + (-9)/15). Let r(d) be the third derivative of d**6/120 - d**3/3 - 4*d**2. Calculate r(l).
-2
Let b(h) = 177*h + 1949. Let s be b(-11). Let o(c) be the third derivative of 0 + 5/24*c**4 + 1/6*c**3 + 1/60*c**5 + 0*c + 3*c**s. Calculate o(-5).
1
Let j(l) = -l**2 + 7*l + 7. Let d(h) = -h. Let g(n) = d(n) - j(n). Let v be (40 + 0)/5 + -1 + 1. Give g(v).
-7
Let h(i) = i - 20. Suppose 44 = 10*m + 24. Let z(g) = 6. Let q(x) = m*h(x) + 6*z(x). Calculate q(5).
6
Let f(o) = o**3 + 5*o**2 + 2*o - 1. Let b = -127 + 131. Suppose b*j + 17 = 2*j - 3*p, 3 = -p. What is f(j)?
7
Let o(v) be the first derivative of 17*v**2/2 - 47*v + 608. Calculate o(3).
4
Let v(q) = -2*q**3 - 24*q**2 + 35. Let l be 3/((-20)/(76 - -4)). Calculate v(l).
35
Suppose -34 = 3*q - 4. Let z(a) = -22*a + 68. Let c(h) = 36*h - 108. Let m(k) = 5*c(k) + 8*z(k). Determine m(q).
-36
Let s(a) = -63*a**2 - a**3 - 21*a - 67*a**2 + 36 + 140*a**2. Calculate s(8).
-4
Let w be ((-189)/(-27))/(0 - (-2)/10). Let j be 6/w*7/1*5. Let z(i) = -i + 7. Give z(j).
1
Suppose -4*m = -5 - 3. Let w(n) = 3*n - 9*n**2 + m + 0 + 11*n**2. Suppose 19*c + 30 = 4*c. Determine w(c).
4
Let v(p) be the third derivative of -p**8/20160 + p**7/840 - p**6/360 + 11*p**5/30 + 47*p**2 - 1. Let j(n) be the third derivative of v(n). Determine j(7).
-9
Let f be (0 - 0)*1 - 7. Let m(y) = -y**2 - 2*y - 8. Let o = 160 + -166. Let a(x) = -2*x**2 - 5*x - 15. Let i(b) = o*a(b) + 11*m(b). Give i(f).
-5
Let f(r) = r**3 + 14*r**2 - 3*r - 16. Suppose 30 = -17*c - 163 - 45. What is f(c)?
26
Let j = -19757 - -19761. Let h(a) be the third derivative of 1/2*a**3 + 0*a - 22*a**2 - 1/24*a**j + 0. Determine h(4).
-1
Let r(g) = -231 + 468 - 5*g**2 - 219 - 2*g + 4*g**2. Determine r(0).
18
Let w(x) = -3*x + 1. Let g(y) = -y**2 - 4*y - 3. Let o(r) = g(r) + w(r). Calculate o(-5).
8
Let y be ((-12)/(-10))/((-24)/(-200)). Suppose 0 = -5*x + y*x - 20. Let w(h) be the second derivative of h**4/12 - 5*h**3/6 - h**2/2 - 6*h. Give w(x).
-5
Let l(h) = -9*h + 17. Let b(m) = -5*m + 8. Let x(z) = 11*b(z) - 6*l(z). Let v be 40 + -1 + -7 + 4. Suppose v*n = 44*n. Determine x(n).
-14
Let i(l) = l**3 - 17*l**2 + l - 17. Let y(c) = -c**3 - 36*c**2 - 327*c - 37. Let n be y(-18). Calculate i(n).
0
Let r(x) be the first derivative of 9*x**4/4 - x**3 + 5*x**2/2 - 3*x + 6880. Give r(1).
8
Let y(f) = 4*f**2 - f. Let h(s) = 9*s**2 - 11*s - 1. Let v(r) = h(r) - 2*y(r). What is v(10)?
9
Let x(j) be the second derivative of -1/6*j**3 + 0 - 57*j + 0*j**2. Calculate x(-4).
4
Let n(s) = -1726872*s**3 + 1726888*s**3 - 3 + 3 - s. Let b(c) = c**2 + 5*c - 5. Let f be b(-6). Give n(f).
15
Suppose 5*l = 29*z - 26*z + 5, -2*z - 5 = -5*l. Let n(k) = 4*k - 2. Give n(l).
2
Let r(l) be the second derivative of l**4/12 - 2*l**3/3 - 37*l**2 + 662*l. Determine r(-7).
3
Suppose 4*y + 19*k + 192 = 16*k, 5*k = -20. Let u = 39 + y. Let l(w) = 3*w - 2. Give l(u).
-20
Let n(k) = -3*k**2 - 22*k - 7. Let h(o) = -26*o**2 - 2887*o - 121. Let m be h(-111). Give n(m).
-87
Let i(p) = p**3 - 11*p**2 + 22*p - 21. Let y(g) = g**3 - 2*g**2 + 2*g. Let r(k) = -i(k) + 2*y(k). Give r(-9).
21
Let n(p) = -5*p - 9. Suppose -3*r + 4*r - 13 = 2*o, r = 3*o + 17. Let g(t) = -t**3 - 4*t**2 - 3*t - 18. Let h be g(o). Give n(h).
21
Let j(y) = -54 - 4*y + 185 + y**2 - 136. Suppose -144 = -4*u - 488. Let t be u/(-12) - (-2)/(-12). Determine j(t).
16
Let v(m) be the first derivative of 2*m**3 + 1/4*m**4 + 58 - m + 0*m**2. Give v(-6).
-1
Let m(o) = -18*o**3 - o**2 + o + 1. Let f(l) be the first derivative of -l**4/2 + 7*l**3 - 9*l**2/2 - 11*l - 97. Let w be f(10). Determine m(w).
17
Suppose -5*w + 81 = t, 5*t - 2*w - 128 - 250 = 0. Suppose 0 = -5*m - 20, t = 2*a + 2*a - 3*m. Let u(x) = a*x + 8 + 14*x - 29*x. Determine u(0).
8
Suppose 0 = 3*p + 2*f - 6, f + 26 = 5*p - f. Let b(l) = 1 - 7*l - p + 0 + 5*l + 13*l. Give b(1).
8
Let y(c) = -7*c - 2 + 1 + 0. Let d(u) = 13*u + 2. Suppose -88 - 8 = -24*s. Let b(f) = s*d(f) + 7*y(f). What is b(1)?
4
Let n(m) = -1156 + 564 + 4*m + 612. Let p be 4*(-2 + (-12)/(-16)). Determine n(p).
0
Suppose -10*v - 91 - 9 = 0. Let c = v - -14. Let h(i) be the third derivative of -5*i**4/24 + i**3/3 - 3*i**2. Determine h(c).
-18
Let z(h) = -16*h - 7. Suppose 2*l + 12 = -11*l + 4*g, 3*l - 4*g = -12. What is z(l)?
-7
Let h(c) = -3*c + 3. Let r(b) = -3*b + 4. Let a(q) = 6*h(q) - 4*r(q). Suppose 2*s - 5*w + 15 = -3*s, -5*w = s - 27. Calculate a(s).
-10
Suppose o + 11 = 5*k - 39, -o - 30 = -3*k. Let j(i) = -2*i**2 + 16*i + 31. What is j(k)?
-9
Let y(n) = -29*n - 9. Let w(o) = -152*o - 46. Let h(b) = -4*w(b) + 21*y(b). Let l(z) = -z**2 + 8*z - 9. Let t be l(6). Suppose 0 = 2*i - i + t. Calculate h(i).
-2
Suppose -3*w - d - 23 - 1 = 0, 